{"id":4749,"date":"2023-05-10T20:58:05","date_gmt":"2023-05-10T20:58:05","guid":{"rendered":"https:\/\/chibolita.es\/?post_type=product&#038;p=4749"},"modified":"2024-02-10T17:11:23","modified_gmt":"2024-02-10T17:11:23","slug":"hot-v-activ-spray-estimulante-para-hombres","status":"publish","type":"product","link":"https:\/\/chibolita.es\/index.php\/product\/hot-v-activ-spray-estimulante-para-hombres\/","title":{"rendered":"HOT V-ACTIV &#8211; Spray Estimulante para Hombres"},"content":{"rendered":"<div class=\"woocommerce-tabs wc-tabs-wrapper\">\n<div id=\"tab-description\" class=\"woocommerce-Tabs-panel woocommerce-Tabs-panel--description panel entry-content wc-tab\" role=\"tabpanel\" aria-labelledby=\"tab-title-description\">\n<p><strong><span>HOT V-ACTIV MEN PENIS POWER SPRAY<\/span><\/strong><span>\u00a0\u00a0es un spray para hombre, especialmente dise\u00f1ado para:<\/span><\/p>\n<p><span>\u2013 Aumenta tu vitalidad y bienestar.<\/span><br \/>\n<span>\u2013 Estimula la circulaci\u00f3n en el pene y los test\u00edculos.<\/span><br \/>\n<span>\u2013 Fortalece tu virilidad.<\/span><br \/>\n<span>\u2013 Asegurar un buen desempe\u00f1o.<\/span><br \/>\n<span>\u2013 Aumentar el apetito sexual.<\/span><\/p>\n<p><strong><span>Contiene principios activos esenciales que favorecen la sensibilidad del pene.<\/span><\/strong><\/p>\n<p><span>Con\u00a0\u00a0<\/span><strong><span>HOT V-ACTIV MEN PENIS POWER SPRAY<\/span><\/strong><span>\u00a0\u00a0un hombre podr\u00e1 realizarse plenamente: su deseo sexual se incrementar\u00e1 y aumentar\u00e1n las ganas de hacer el amor repetidamente de forma totalmente satisfactoria.\u00a0Las relaciones sexuales ser\u00e1n m\u00e1s valoradas y los juegos de amor ser\u00e1n cada vez m\u00e1s emocionantes.<\/span><\/p>\n<p><span>Dermatol\u00f3gicamente Comprobado.\u00a0Anti alergico.<\/span><\/p>\n<p><span>No irrita la piel ni las mucosas.\u00a0No tiene propiedades anticonceptivas.<\/span><\/p>\n<p><span>Botella de 50 ml.<\/span><\/p>\n<\/div>\n<\/div>\n","protected":false},"excerpt":{"rendered":"<p>HOT V-ACTIV MEN PENIS POWER SPRAY\u00a0\u00a0es un spray para hombre, especialmente dise\u00f1ado para: \u2013 Aumenta tu vitalidad y bienestar. \u2013 Estimula la circulaci\u00f3n en el pene y los test\u00edculos. \u2013 Fortalece tu virilidad. \u2013 Asegurar un buen desempe\u00f1o. \u2013 Aumentar el apetito sexual. Contiene principios activos esenciales que favorecen la sensibilidad del pene. Con\u00a0\u00a0HOT V-ACTIV [&hellip;]<\/p>\n","protected":false},"featured_media":4750,"comment_status":"open","ping_status":"closed","template":"","meta":{"_eb_attr":"","site-sidebar-layout":"default","site-content-layout":"default","ast-site-content-layout":"default","site-content-style":"default","site-sidebar-style":"default","ast-global-header-display":"","ast-banner-title-visibility":"","ast-main-header-display":"","ast-hfb-above-header-display":"","ast-hfb-below-header-display":"","ast-hfb-mobile-header-display":"","site-post-title":"","ast-breadcrumbs-content":"","ast-featured-img":"","footer-sml-layout":"","ast-disable-related-posts":"","theme-transparent-header-meta":"default","adv-header-id-meta":"","stick-header-meta":"","header-above-stick-meta":"","header-main-stick-meta":"","header-below-stick-meta":"","astra-migrate-meta-layouts":"default","ast-page-background-enabled":"default","ast-page-background-meta":{"desktop":{"background-color":"var(--ast-global-color-4)","background-image":"","background-repeat":"repeat","background-position":"center center","background-size":"auto","background-attachment":"scroll","background-type":"","background-media":"","overlay-type":"","overlay-color":"","overlay-opacity":"","overlay-gradient":""},"tablet":{"background-color":"","background-image":"","background-repeat":"repeat","background-position":"center center","background-size":"auto","background-attachment":"scroll","background-type":"","background-media":"","overlay-type":"","overlay-color":"","overlay-opacity":"","overlay-gradient":""},"mobile":{"background-color":"","background-image":"","background-repeat":"repeat","background-position":"center center","background-size":"auto","background-attachment":"scroll","background-type":"","background-media":"","overlay-type":"","overlay-color":"","overlay-opacity":"","overlay-gradient":""}},"ast-content-background-meta":{"desktop":{"background-color":"var(--ast-global-color-5)","background-image":"","background-repeat":"repeat","background-position":"center center","background-size":"auto","background-attachment":"scroll","background-type":"","background-media":"","overlay-type":"","overlay-color":"","overlay-opacity":"","overlay-gradient":""},"tablet":{"background-color":"var(--ast-global-color-5)","background-image":"","background-repeat":"repeat","background-position":"center center","background-size":"auto","background-attachment":"scroll","background-type":"","background-media":"","overlay-type":"","overlay-color":"","overlay-opacity":"","overlay-gradient":""},"mobile":{"background-color":"var(--ast-global-color-5)","background-image":"","background-repeat":"repeat","background-position":"center center","background-size":"auto","background-attachment":"scroll","background-type":"","background-media":"","overlay-type":"","overlay-color":"","overlay-opacity":"","overlay-gradient":""}}},"product_brand":[],"product_cat":[230,238,255],"product_tag":[],"class_list":{"0":"post-4749","1":"product","2":"type-product","3":"status-publish","4":"has-post-thumbnail","6":"product_cat-farmacia","7":"product_cat-todos-los-afrodisiacos-para-hombres","8":"product_cat-vida-sexual-saludable","9":"desktop-align-left","10":"tablet-align-left","11":"mobile-align-left","13":"first","14":"instock","15":"shipping-taxable","16":"purchasable","17":"product-type-simple"},"_links":{"self":[{"href":"https:\/\/chibolita.es\/index.php\/wp-json\/wp\/v2\/product\/4749","targetHints":{"allow":["GET"]}}],"collection":[{"href":"https:\/\/chibolita.es\/index.php\/wp-json\/wp\/v2\/product"}],"about":[{"href":"https:\/\/chibolita.es\/index.php\/wp-json\/wp\/v2\/types\/product"}],"replies":[{"embeddable":true,"href":"https:\/\/chibolita.es\/index.php\/wp-json\/wp\/v2\/comments?post=4749"}],"wp:featuredmedia":[{"embeddable":true,"href":"https:\/\/chibolita.es\/index.php\/wp-json\/wp\/v2\/media\/4750"}],"wp:attachment":[{"href":"https:\/\/chibolita.es\/index.php\/wp-json\/wp\/v2\/media?parent=4749"}],"wp:term":[{"taxonomy":"product_brand","embeddable":true,"href":"https:\/\/chibolita.es\/index.php\/wp-json\/wp\/v2\/product_brand?post=4749"},{"taxonomy":"product_cat","embeddable":true,"href":"https:\/\/chibolita.es\/index.php\/wp-json\/wp\/v2\/product_cat?post=4749"},{"taxonomy":"product_tag","embeddable":true,"href":"https:\/\/chibolita.es\/index.php\/wp-json\/wp\/v2\/product_tag?post=4749"}],"curies":[{"name":"wp","href":"https:\/\/api.w.org\/{rel}","templated":true}]}}