{"id":4698,"date":"2023-05-10T06:07:43","date_gmt":"2023-05-10T06:07:43","guid":{"rendered":"https:\/\/chibolita.es\/?post_type=product&#038;p=4698"},"modified":"2026-01-03T13:28:29","modified_gmt":"2026-01-03T13:28:29","slug":"vigold-5200-super-strong-power","status":"publish","type":"product","link":"https:\/\/chibolita.es\/index.php\/product\/vigold-5200-super-strong-power\/","title":{"rendered":"VIGOLD 5200 SUPER STRONG POWER"},"content":{"rendered":"<h3><strong><span>Descripci\u00f3n del producto<\/span><\/strong><\/h3>\n<p><strong><span>VIGOLD 5200 SUPER FUERTE \u2013 Para un fuerte estado de excitaci\u00f3n sexual, VIGOLD 5200 ser\u00e1 sin duda responsable de noches m\u00e1s \u201csalvajes\u201d as\u00ed como de placer prolongado para la pareja.\u00a0El efecto se sentir\u00e1 en 30 minutos, sin embargo, se puede extender hasta 72 horas.\u00a0En caso de disfunci\u00f3n er\u00e9ctil Vigold 5200 facilita la recuperaci\u00f3n de la espontaneidad en las relaciones sexuales.\u00a0Producto resistente al alcohol.<\/span><\/strong><\/p>\n<h3><strong><span>Uso recomendado de VIGOLD 5200 SUPER FUERTE:<\/span><\/strong><\/h3>\n<p><strong><span>Tome 1 pastilla de 30 a 45 minutos, es decir, antes de la actividad sexual.\u00a0No exceder la dosis recomendada (1 comprimido\/24 horas)<\/span><\/strong><\/p>\n<h3><strong><span>PRECAUCIONES:<\/span><\/strong><\/h3>\n<p><strong><span>\u2013 Producto destinado exclusivamente a adultos.<\/span><\/strong><\/p>\n<p><strong><span>&#8211; No exceda de la porci\u00f3n recomendada.<\/span><\/strong><\/p>\n<p><strong><span>\u2013 Los complementos alimenticios no deben utilizarse como sustituto de una dieta equilibrada y variada.<\/span><\/strong><\/p>\n<p><strong><span>\u2013 Los resultados pueden variar de un individuo a otro.<\/span><\/strong><\/p>\n<h4><strong><span>Complemento Alimenticio \u2013 Advertencias:<\/span><\/strong><\/h4>\n<p><strong><span>Los complementos alimenticios no deben utilizarse como sustituto de una dieta variada y equilibrada y de un estilo de vida saludable.\u00a0Los efectos de estos pueden variar de persona a persona, por lo que est\u00e1n influenciados por otros factores, como la nutrici\u00f3n y la actividad f\u00edsica.\u00a0No debe exceder la dosis diaria recomendada.\u00a0Mantener fuera del alcance y de la vista de los ni\u00f1os.\u00a0Los complementos alimenticios no son un medicamento.\u00a0No tomar en caso de hipersensibilidad a uno de los ingredientes.\u00a0No usar en caso de embarazo o lactancia.\u00a0Conservar en un lugar fresco, seco y protegido de la luz.\u00a0En caso de duda, consulte a su m\u00e9dico o farmac\u00e9utico.<\/span><\/strong><\/p>\n","protected":false},"excerpt":{"rendered":"<p>Descripci\u00f3n del producto VIGOLD 5200 SUPER FUERTE \u2013 Para un fuerte estado de excitaci\u00f3n sexual, VIGOLD 5200 ser\u00e1 sin duda responsable de noches m\u00e1s \u201csalvajes\u201d as\u00ed como de placer prolongado para la pareja.\u00a0El efecto se sentir\u00e1 en 30 minutos, sin embargo, se puede extender hasta 72 horas.\u00a0En caso de disfunci\u00f3n er\u00e9ctil Vigold 5200 facilita la [&hellip;]<\/p>\n","protected":false},"featured_media":4699,"comment_status":"open","ping_status":"closed","template":"","meta":{"_eb_attr":"","site-sidebar-layout":"default","site-content-layout":"default","ast-site-content-layout":"default","site-content-style":"default","site-sidebar-style":"default","ast-global-header-display":"","ast-banner-title-visibility":"","ast-main-header-display":"","ast-hfb-above-header-display":"","ast-hfb-below-header-display":"","ast-hfb-mobile-header-display":"","site-post-title":"","ast-breadcrumbs-content":"","ast-featured-img":"","footer-sml-layout":"","ast-disable-related-posts":"","theme-transparent-header-meta":"default","adv-header-id-meta":"","stick-header-meta":"","header-above-stick-meta":"","header-main-stick-meta":"","header-below-stick-meta":"","astra-migrate-meta-layouts":"default","ast-page-background-enabled":"default","ast-page-background-meta":{"desktop":{"background-color":"var(--ast-global-color-4)","background-image":"","background-repeat":"repeat","background-position":"center center","background-size":"auto","background-attachment":"scroll","background-type":"","background-media":"","overlay-type":"","overlay-color":"","overlay-opacity":"","overlay-gradient":""},"tablet":{"background-color":"","background-image":"","background-repeat":"repeat","background-position":"center center","background-size":"auto","background-attachment":"scroll","background-type":"","background-media":"","overlay-type":"","overlay-color":"","overlay-opacity":"","overlay-gradient":""},"mobile":{"background-color":"","background-image":"","background-repeat":"repeat","background-position":"center center","background-size":"auto","background-attachment":"scroll","background-type":"","background-media":"","overlay-type":"","overlay-color":"","overlay-opacity":"","overlay-gradient":""}},"ast-content-background-meta":{"desktop":{"background-color":"var(--ast-global-color-5)","background-image":"","background-repeat":"repeat","background-position":"center center","background-size":"auto","background-attachment":"scroll","background-type":"","background-media":"","overlay-type":"","overlay-color":"","overlay-opacity":"","overlay-gradient":""},"tablet":{"background-color":"var(--ast-global-color-5)","background-image":"","background-repeat":"repeat","background-position":"center center","background-size":"auto","background-attachment":"scroll","background-type":"","background-media":"","overlay-type":"","overlay-color":"","overlay-opacity":"","overlay-gradient":""},"mobile":{"background-color":"var(--ast-global-color-5)","background-image":"","background-repeat":"repeat","background-position":"center center","background-size":"auto","background-attachment":"scroll","background-type":"","background-media":"","overlay-type":"","overlay-color":"","overlay-opacity":"","overlay-gradient":""}}},"product_brand":[],"product_cat":[230,252,238],"product_tag":[],"class_list":{"0":"post-4698","1":"product","2":"type-product","3":"status-publish","4":"has-post-thumbnail","6":"product_cat-farmacia","7":"product_cat-marca-vipower","8":"product_cat-todos-los-afrodisiacos-para-hombres","9":"desktop-align-left","10":"tablet-align-left","11":"mobile-align-left","13":"first","14":"instock","15":"sale","16":"shipping-taxable","17":"purchasable","18":"product-type-simple"},"_links":{"self":[{"href":"https:\/\/chibolita.es\/index.php\/wp-json\/wp\/v2\/product\/4698","targetHints":{"allow":["GET"]}}],"collection":[{"href":"https:\/\/chibolita.es\/index.php\/wp-json\/wp\/v2\/product"}],"about":[{"href":"https:\/\/chibolita.es\/index.php\/wp-json\/wp\/v2\/types\/product"}],"replies":[{"embeddable":true,"href":"https:\/\/chibolita.es\/index.php\/wp-json\/wp\/v2\/comments?post=4698"}],"wp:featuredmedia":[{"embeddable":true,"href":"https:\/\/chibolita.es\/index.php\/wp-json\/wp\/v2\/media\/4699"}],"wp:attachment":[{"href":"https:\/\/chibolita.es\/index.php\/wp-json\/wp\/v2\/media?parent=4698"}],"wp:term":[{"taxonomy":"product_brand","embeddable":true,"href":"https:\/\/chibolita.es\/index.php\/wp-json\/wp\/v2\/product_brand?post=4698"},{"taxonomy":"product_cat","embeddable":true,"href":"https:\/\/chibolita.es\/index.php\/wp-json\/wp\/v2\/product_cat?post=4698"},{"taxonomy":"product_tag","embeddable":true,"href":"https:\/\/chibolita.es\/index.php\/wp-json\/wp\/v2\/product_tag?post=4698"}],"curies":[{"name":"wp","href":"https:\/\/api.w.org\/{rel}","templated":true}]}}