{"id":4627,"date":"2023-05-08T22:15:35","date_gmt":"2023-05-08T22:15:35","guid":{"rendered":"https:\/\/chibolita.es\/?post_type=product&#038;p=4627"},"modified":"2024-02-10T17:11:26","modified_gmt":"2024-02-10T17:11:26","slug":"vigour-800-xtra","status":"publish","type":"product","link":"https:\/\/chibolita.es\/index.php\/product\/vigour-800-xtra\/","title":{"rendered":"VIGOUR 800 XTRA"},"content":{"rendered":"<div><strong><span>VIGOR XTRA 800mg \u2013 M\u00e1s r\u00e1pido para trabajar<\/span><\/strong><\/div>\n<div><\/div>\n<div><strong><span>Paquete de 10 pastillas XTRA White<\/span><\/strong><\/div>\n<div><strong><span>New White Edition \u2013 Fabricado en la Uni\u00f3n Europea.<\/span><\/strong><\/div>\n<div><\/div>\n<div><\/div>\n<div><strong><span>\u00a0\u00bfQu\u00e9 es VIGOR XTRA 800mg?<\/span><\/strong><\/div>\n<div><\/div>\n<div><strong><span>Es un estimulante natural de mayor eficacia, con un efecto extra r\u00e1pido, y adem\u00e1s de estimulante tambi\u00e9n es afrodis\u00edaco, extra\u00eddo de varias plantas y sometido a un riguroso proceso de elaboraci\u00f3n.<\/span><\/strong><\/div>\n<div><\/div>\n<div><strong><span>Se utiliza para mejorar los s\u00edntomas de la disfunci\u00f3n er\u00e9ctil y para prolongar las relaciones sexuales.<\/span><\/strong><\/div>\n<div><\/div>\n<div><strong><span>100% Natural altamente concentrado y r\u00e1pido &#8211; no contiene qu\u00edmicos ni drogas en su composici\u00f3n.\u00a0Vigor XTRA se fabrica en la UE<\/span><\/strong><\/div>\n<div><\/div>\n<div><\/div>\n<div><strong><span>\u00bfPara qu\u00e9 se utiliza VIGOR XTRA 800mg?<\/span><\/strong><\/div>\n<div><\/div>\n<div><strong><span>-Permite una erecci\u00f3n r\u00e1pida y consistente<\/span><\/strong><\/div>\n<div><strong><span>-Mejora el rendimiento y el deseo sexual<\/span><\/strong><\/div>\n<div><strong><span>-Reduce la fatiga sexual, allanando el camino para m\u00e1s eyaculaciones<\/span><\/strong><\/div>\n<div><strong><span>-Retrasa la fase de eyaculaci\u00f3n<\/span><\/strong><\/div>\n<div><strong><span>-Activa la funci\u00f3n renal<\/span><\/strong><\/div>\n<div><strong><span>-Aumenta la secreci\u00f3n testicular<\/span><\/strong><\/div>\n<div><\/div>\n<div><strong><span>-Ayuda a prevenir enfermedades de la pr\u00f3stata y enfermedades similares.<\/span><\/strong><\/div>\n<div><\/div>\n<div><strong><span>Administraci\u00f3n y posolog\u00eda:<\/span><\/strong><\/div>\n<div><\/div>\n<div><\/div>\n<div><strong><span>Tomar una pastilla de 20 a 40 minutos antes del acto sexual (su efecto puede durar 72 horas).<\/span><\/strong><\/div>\n<div><\/div>\n<div><strong><span>\u00bfVIGOR XTRA 800mg tiene efectos secundarios?<\/span><\/strong><\/div>\n<div><\/div>\n<div><\/div>\n<div><strong><span>VIGOR XTRA 800mg en casos excepcionales puede manifestar efectos secundarios, por ejemplo, secreci\u00f3n nasal, o cierto calor en la cara o el cuerpo.\u00a0Estos efectos secundarios desaparecer\u00e1n en unas pocas horas una vez que deje de recibir estimulaci\u00f3n sexual.\u00a0Si experimenta un efecto secundario que le molesta durante mucho tiempo, le recomendamos que se ponga en contacto con su m\u00e9dico.<\/span><\/strong><\/div>\n<div><\/div>\n<div><strong><span>\u00bfPuedo tomar VIGOR XTRA 800 mg con bebidas alcoh\u00f3licas?<\/span><\/strong><\/div>\n<div><\/div>\n<div><strong><span>S\u00ed puede.\u00a0Sin embargo, al mezclar alcohol y VIGOR XTRA 800 mg, es posible que no obtenga resultados al 100 %.\u00a0Para obtener los mejores resultados, no beba grandes cantidades de alcohol cuando tome VIGOR XTRA 800 mg.<\/span><\/strong><\/div>\n","protected":false},"excerpt":{"rendered":"<p>VIGOR XTRA 800mg \u2013 M\u00e1s r\u00e1pido para trabajar Paquete de 10 pastillas XTRA White New White Edition \u2013 Fabricado en la Uni\u00f3n Europea. \u00a0\u00bfQu\u00e9 es VIGOR XTRA 800mg? Es un estimulante natural de mayor eficacia, con un efecto extra r\u00e1pido, y adem\u00e1s de estimulante tambi\u00e9n es afrodis\u00edaco, extra\u00eddo de varias plantas y sometido a un [&hellip;]<\/p>\n","protected":false},"featured_media":4628,"comment_status":"open","ping_status":"closed","template":"","meta":{"_eb_attr":"","site-sidebar-layout":"default","site-content-layout":"default","ast-site-content-layout":"default","site-content-style":"default","site-sidebar-style":"default","ast-global-header-display":"","ast-banner-title-visibility":"","ast-main-header-display":"","ast-hfb-above-header-display":"","ast-hfb-below-header-display":"","ast-hfb-mobile-header-display":"","site-post-title":"","ast-breadcrumbs-content":"","ast-featured-img":"","footer-sml-layout":"","ast-disable-related-posts":"","theme-transparent-header-meta":"default","adv-header-id-meta":"","stick-header-meta":"","header-above-stick-meta":"","header-main-stick-meta":"","header-below-stick-meta":"","astra-migrate-meta-layouts":"default","ast-page-background-enabled":"default","ast-page-background-meta":{"desktop":{"background-color":"var(--ast-global-color-4)","background-image":"","background-repeat":"repeat","background-position":"center center","background-size":"auto","background-attachment":"scroll","background-type":"","background-media":"","overlay-type":"","overlay-color":"","overlay-opacity":"","overlay-gradient":""},"tablet":{"background-color":"","background-image":"","background-repeat":"repeat","background-position":"center center","background-size":"auto","background-attachment":"scroll","background-type":"","background-media":"","overlay-type":"","overlay-color":"","overlay-opacity":"","overlay-gradient":""},"mobile":{"background-color":"","background-image":"","background-repeat":"repeat","background-position":"center center","background-size":"auto","background-attachment":"scroll","background-type":"","background-media":"","overlay-type":"","overlay-color":"","overlay-opacity":"","overlay-gradient":""}},"ast-content-background-meta":{"desktop":{"background-color":"var(--ast-global-color-5)","background-image":"","background-repeat":"repeat","background-position":"center center","background-size":"auto","background-attachment":"scroll","background-type":"","background-media":"","overlay-type":"","overlay-color":"","overlay-opacity":"","overlay-gradient":""},"tablet":{"background-color":"var(--ast-global-color-5)","background-image":"","background-repeat":"repeat","background-position":"center center","background-size":"auto","background-attachment":"scroll","background-type":"","background-media":"","overlay-type":"","overlay-color":"","overlay-opacity":"","overlay-gradient":""},"mobile":{"background-color":"var(--ast-global-color-5)","background-image":"","background-repeat":"repeat","background-position":"center center","background-size":"auto","background-attachment":"scroll","background-type":"","background-media":"","overlay-type":"","overlay-color":"","overlay-opacity":"","overlay-gradient":""}}},"product_brand":[],"product_cat":[230,250,238],"product_tag":[],"class_list":{"0":"post-4627","1":"product","2":"type-product","3":"status-publish","4":"has-post-thumbnail","6":"product_cat-farmacia","7":"product_cat-marca-vigour","8":"product_cat-todos-los-afrodisiacos-para-hombres","9":"desktop-align-left","10":"tablet-align-left","11":"mobile-align-left","13":"first","14":"instock","15":"sale","16":"shipping-taxable","17":"purchasable","18":"product-type-simple"},"_links":{"self":[{"href":"https:\/\/chibolita.es\/index.php\/wp-json\/wp\/v2\/product\/4627","targetHints":{"allow":["GET"]}}],"collection":[{"href":"https:\/\/chibolita.es\/index.php\/wp-json\/wp\/v2\/product"}],"about":[{"href":"https:\/\/chibolita.es\/index.php\/wp-json\/wp\/v2\/types\/product"}],"replies":[{"embeddable":true,"href":"https:\/\/chibolita.es\/index.php\/wp-json\/wp\/v2\/comments?post=4627"}],"wp:featuredmedia":[{"embeddable":true,"href":"https:\/\/chibolita.es\/index.php\/wp-json\/wp\/v2\/media\/4628"}],"wp:attachment":[{"href":"https:\/\/chibolita.es\/index.php\/wp-json\/wp\/v2\/media?parent=4627"}],"wp:term":[{"taxonomy":"product_brand","embeddable":true,"href":"https:\/\/chibolita.es\/index.php\/wp-json\/wp\/v2\/product_brand?post=4627"},{"taxonomy":"product_cat","embeddable":true,"href":"https:\/\/chibolita.es\/index.php\/wp-json\/wp\/v2\/product_cat?post=4627"},{"taxonomy":"product_tag","embeddable":true,"href":"https:\/\/chibolita.es\/index.php\/wp-json\/wp\/v2\/product_tag?post=4627"}],"curies":[{"name":"wp","href":"https:\/\/api.w.org\/{rel}","templated":true}]}}