{"id":10617,"date":"2026-04-23T22:12:52","date_gmt":"2026-04-23T22:12:52","guid":{"rendered":"https:\/\/chibolita.es\/?post_type=product&#038;p=10617"},"modified":"2026-04-23T22:12:52","modified_gmt":"2026-04-23T22:12:52","slug":"vigour-800-blue-strong-10-pastillas","status":"publish","type":"product","link":"https:\/\/chibolita.es\/index.php\/product\/vigour-800-blue-strong-10-pastillas\/","title":{"rendered":"VIGOUR 800 BLUE STRONG &#8211; 10 pastillas"},"content":{"rendered":"<p>DESCRIPCI\u00d3N: La \u00faltima incorporaci\u00f3n a la gama Vigour 800, un potenciador para tu vida sexual con extractos puros, extremadamente potentes y afrodis\u00edacos, que te proporcionar\u00e1n erecciones firmes y un vigor extremo con cada est\u00edmulo sexual. Todo esto y mucho m\u00e1s lo encontrar\u00e1s en VIGOR 800 BLUE STRONG.<\/p>\n<p>BENEFICIOS:<br \/>\n&gt; Mayor potencia sexual;<\/p>\n<p>&gt; Acci\u00f3n r\u00e1pida;<\/p>\n<p>&gt; Orgasmos intensos;<\/p>\n<p>&gt; M\u00e1ximo control de la eyaculaci\u00f3n;<\/p>\n<p>&gt; Duraci\u00f3n de varios d\u00edas.<\/p>\n<p>\u00bfTiene Vigour 800 BLUE STRONG efectos secundarios?<\/p>\n<p>En casos excepcionales, Vigour 800 BLUE STRONG puede causar efectos secundarios como dolor de cabeza, malestar estomacal, secreci\u00f3n nasal o sensaci\u00f3n de calor en la cara o el cuerpo. Estos efectos secundarios desaparecen en pocas horas al cesar la estimulaci\u00f3n sexual. Si experimentas alg\u00fan efecto secundario que te moleste durante un tiempo prolongado, te recomendamos consultar a tu m\u00e9dico.<\/p>\n<p>\u00bfPuedo tomar Vigour 800 BLUE STRONG con bebidas alcoh\u00f3licas? S\u00ed, puede. Sin embargo, mezclar alcohol con Vigour 800 BLUE STRONG puede impedirle lograr una erecci\u00f3n efectiva. Para obtener mejores resultados, no consuma grandes cantidades de alcohol antes ni durante el tratamiento con Vigour 800 BLUE STRONG.<\/p>\n<p>Modo de empleo:<br \/>\nTome 1 comprimido 15 minutos antes de la relaci\u00f3n sexual.<br \/>\nEl efecto puede durar hasta 72 horas.<br \/>\nNo exceda de 1 comprimido en 24 horas.<br \/>\nEl envase contiene 10 pastillas<\/p>\n","protected":false},"excerpt":{"rendered":"<p>DESCRIPCI\u00d3N: La \u00faltima incorporaci\u00f3n a la gama Vigour 800, un potenciador para tu vida sexual con extractos puros, extremadamente potentes y afrodis\u00edacos, que te proporcionar\u00e1n erecciones firmes y un vigor extremo con cada est\u00edmulo sexual. Todo esto y mucho m\u00e1s lo encontrar\u00e1s en VIGOR 800 BLUE STRONG. BENEFICIOS: &gt; Mayor potencia sexual; &gt; Acci\u00f3n r\u00e1pida; [&hellip;]<\/p>\n","protected":false},"featured_media":10618,"comment_status":"open","ping_status":"closed","template":"","meta":{"_eb_attr":"","site-sidebar-layout":"default","site-content-layout":"","ast-site-content-layout":"default","site-content-style":"default","site-sidebar-style":"default","ast-global-header-display":"","ast-banner-title-visibility":"","ast-main-header-display":"","ast-hfb-above-header-display":"","ast-hfb-below-header-display":"","ast-hfb-mobile-header-display":"","site-post-title":"","ast-breadcrumbs-content":"","ast-featured-img":"","footer-sml-layout":"","ast-disable-related-posts":"","theme-transparent-header-meta":"default","adv-header-id-meta":"","stick-header-meta":"","header-above-stick-meta":"","header-main-stick-meta":"","header-below-stick-meta":"","astra-migrate-meta-layouts":"set","ast-page-background-enabled":"default","ast-page-background-meta":{"desktop":{"background-color":"var(--ast-global-color-4)","background-image":"","background-repeat":"repeat","background-position":"center center","background-size":"auto","background-attachment":"scroll","background-type":"","background-media":"","overlay-type":"","overlay-color":"","overlay-opacity":"","overlay-gradient":""},"tablet":{"background-color":"","background-image":"","background-repeat":"repeat","background-position":"center center","background-size":"auto","background-attachment":"scroll","background-type":"","background-media":"","overlay-type":"","overlay-color":"","overlay-opacity":"","overlay-gradient":""},"mobile":{"background-color":"","background-image":"","background-repeat":"repeat","background-position":"center center","background-size":"auto","background-attachment":"scroll","background-type":"","background-media":"","overlay-type":"","overlay-color":"","overlay-opacity":"","overlay-gradient":""}},"ast-content-background-meta":{"desktop":{"background-color":"var(--ast-global-color-5)","background-image":"","background-repeat":"repeat","background-position":"center center","background-size":"auto","background-attachment":"scroll","background-type":"","background-media":"","overlay-type":"","overlay-color":"","overlay-opacity":"","overlay-gradient":""},"tablet":{"background-color":"var(--ast-global-color-5)","background-image":"","background-repeat":"repeat","background-position":"center center","background-size":"auto","background-attachment":"scroll","background-type":"","background-media":"","overlay-type":"","overlay-color":"","overlay-opacity":"","overlay-gradient":""},"mobile":{"background-color":"var(--ast-global-color-5)","background-image":"","background-repeat":"repeat","background-position":"center center","background-size":"auto","background-attachment":"scroll","background-type":"","background-media":"","overlay-type":"","overlay-color":"","overlay-opacity":"","overlay-gradient":""}}},"product_brand":[],"product_cat":[230,250,238],"product_tag":[],"class_list":{"0":"post-10617","1":"product","2":"type-product","3":"status-publish","4":"has-post-thumbnail","6":"product_cat-farmacia","7":"product_cat-marca-vigour","8":"product_cat-todos-los-afrodisiacos-para-hombres","9":"desktop-align-left","10":"tablet-align-left","11":"mobile-align-left","13":"first","14":"instock","15":"sale","16":"shipping-taxable","17":"purchasable","18":"product-type-simple"},"_links":{"self":[{"href":"https:\/\/chibolita.es\/index.php\/wp-json\/wp\/v2\/product\/10617","targetHints":{"allow":["GET"]}}],"collection":[{"href":"https:\/\/chibolita.es\/index.php\/wp-json\/wp\/v2\/product"}],"about":[{"href":"https:\/\/chibolita.es\/index.php\/wp-json\/wp\/v2\/types\/product"}],"replies":[{"embeddable":true,"href":"https:\/\/chibolita.es\/index.php\/wp-json\/wp\/v2\/comments?post=10617"}],"wp:featuredmedia":[{"embeddable":true,"href":"https:\/\/chibolita.es\/index.php\/wp-json\/wp\/v2\/media\/10618"}],"wp:attachment":[{"href":"https:\/\/chibolita.es\/index.php\/wp-json\/wp\/v2\/media?parent=10617"}],"wp:term":[{"taxonomy":"product_brand","embeddable":true,"href":"https:\/\/chibolita.es\/index.php\/wp-json\/wp\/v2\/product_brand?post=10617"},{"taxonomy":"product_cat","embeddable":true,"href":"https:\/\/chibolita.es\/index.php\/wp-json\/wp\/v2\/product_cat?post=10617"},{"taxonomy":"product_tag","embeddable":true,"href":"https:\/\/chibolita.es\/index.php\/wp-json\/wp\/v2\/product_tag?post=10617"}],"curies":[{"name":"wp","href":"https:\/\/api.w.org\/{rel}","templated":true}]}}