{"id":10060,"date":"2025-10-19T08:24:05","date_gmt":"2025-10-19T08:24:05","guid":{"rendered":"https:\/\/chibolita.es\/?post_type=product&#038;p=10060"},"modified":"2025-10-19T08:24:05","modified_gmt":"2025-10-19T08:24:05","slug":"lelo-sona-2-travel-masajeador-sonico-de-clitoris-morado","status":"publish","type":"product","link":"https:\/\/chibolita.es\/index.php\/product\/lelo-sona-2-travel-masajeador-sonico-de-clitoris-morado\/","title":{"rendered":"LELO &#8211; SONA 2 TRAVEL MASAJEADOR S\u00d3NICO DE CL\u00cdTORIS MORADO"},"content":{"rendered":"<p><strong>SONA\u2122 2 Travel\u00a0<\/strong>es la versi\u00f3n compacta de nuestro superventas SONA\u2122 2. Ha sido desarrollado para mejorar la experiencia \u00edntima del usuario con su dise\u00f1o elegante, discreto y compacto. Usa la exclusiva tecnolog\u00eda SenSonic\u2122 de LELO, que ofrece al cl\u00edtoris una potente estimulaci\u00f3n de ondas s\u00f3nicas para que acabes incre\u00edblemente satisfecha.\u00a0<strong>SONA\u2122 2 Travel<\/strong>\u00a0es el compa\u00f1ero perfecto para aquellas que buscan el placer en sus m\u00faltiples viajes, ya que te permite acceder f\u00e1cilmente al orgasmo en todo momento.<\/p>\n<p>En lugar de las vibraciones convencionales, la tecnolog\u00eda SenSonic\u2122 emplea pulsos s\u00f3nicos que resuenan en lo m\u00e1s profundo de la estructura interna del cl\u00edtoris para lograr una sensaci\u00f3n totalmente nueva. Estas ondas s\u00f3nicas te ofrecen una suave estimulaci\u00f3n con diferentes intensidades sin hacer contacto directo.<\/p>\n<p><strong>SONA\u2122 2 Travel<\/strong>\u00a0te ofrece:<\/p>\n<ul>\n<li>12 modos diferentes para que experimentes y explores.<\/li>\n<li>Gracias a su tama\u00f1o compacto y a que se puede bloquear para transportarlo, es el compa\u00f1ero de viaje perfecto.<\/li>\n<li>El dise\u00f1o cl\u00e1sico con silicona biocompatible de LELO te ofrece un placer altamente gratificante e higi\u00e9nico.<\/li>\n<\/ul>\n<p><u><strong>CARACTER\u00cdSTICAS<\/strong><\/u>:<\/p>\n<ul>\n<li><strong>Materiales<\/strong>: silicona biocompatible y pl\u00e1stico ABS<\/li>\n<li><strong>Acabado<\/strong>: suave<\/li>\n<li><strong>Tama\u00f1o<\/strong>: 87 x 54 x 46 mm<\/li>\n<li><strong>Peso<\/strong>: 67 g<\/li>\n<li><strong>Bater\u00eda<\/strong>: bater\u00eda de iones de litio de 300 mAh 3.7 V<\/li>\n<li><strong>Carga<\/strong>: hasta 2 horas a 5.0 V 500 mA<\/li>\n<li><strong>Potencia nominal<\/strong>: &#8211; Entrada: 5 V 1.5 W &#8211; Salida: 3.7 V 0.75 W<\/li>\n<li><strong>Tiempo de uso<\/strong>: hasta 2 horas<\/li>\n<li><strong>Nivel m\u00e1x. de ruido<\/strong>: &lt; 70 dB<\/li>\n<li><strong>Interfaz<\/strong>: 3 botones<\/li>\n<\/ul>\n<p><strong><u>INSTRUCCIONES DE USO<\/u><\/strong>:<\/p>\n<ul>\n<li>Antes del primer uso, carga tu\u00a0<strong>SONA\u2122 2 Travel\u00a0<\/strong>durante 2 horas.<\/li>\n<li>Es posible que la interfaz de tu\u00a0<strong>SONA\u2122 2 Travel<\/strong>\u00a0est\u00e9 bloqueada. Mant\u00e9n pulsados\u00a0<strong>+\u00a0<\/strong>y\u00a0<strong>&#8211;\u00a0<\/strong>durante 3 segundos.<\/li>\n<li>Mant\u00e9n pulsado el bot\u00f3n\u00a0<strong>(())<\/strong>\u00a0para encenderlo.<\/li>\n<li>Pulsa el bot\u00f3n<strong>\u00a0(())<\/strong>\u00a0para cambiar entre los 12 modos.<\/li>\n<li>Usa el bot\u00f3n\u00a0<strong>+<\/strong>\u00a0o\u00a0<strong>&#8211;\u00a0<\/strong>para aumentar o disminuir la intensidad.<\/li>\n<li>Mant\u00e9n pulsado el bot\u00f3n<strong>\u00a0(())<\/strong>\u00a0para apagarlo.<\/li>\n<\/ul>\n","protected":false},"excerpt":{"rendered":"<p>SONA\u2122 2 Travel\u00a0es la versi\u00f3n compacta de nuestro superventas SONA\u2122 2. Ha sido desarrollado para mejorar la experiencia \u00edntima del usuario con su dise\u00f1o elegante, discreto y compacto. Usa la exclusiva tecnolog\u00eda SenSonic\u2122 de LELO, que ofrece al cl\u00edtoris una potente estimulaci\u00f3n de ondas s\u00f3nicas para que acabes incre\u00edblemente satisfecha.\u00a0SONA\u2122 2 Travel\u00a0es el compa\u00f1ero perfecto [&hellip;]<\/p>\n","protected":false},"featured_media":10066,"comment_status":"open","ping_status":"closed","template":"","meta":{"_eb_attr":"","site-sidebar-layout":"default","site-content-layout":"","ast-site-content-layout":"default","site-content-style":"default","site-sidebar-style":"default","ast-global-header-display":"","ast-banner-title-visibility":"","ast-main-header-display":"","ast-hfb-above-header-display":"","ast-hfb-below-header-display":"","ast-hfb-mobile-header-display":"","site-post-title":"","ast-breadcrumbs-content":"","ast-featured-img":"","footer-sml-layout":"","ast-disable-related-posts":"","theme-transparent-header-meta":"default","adv-header-id-meta":"","stick-header-meta":"","header-above-stick-meta":"","header-main-stick-meta":"","header-below-stick-meta":"","astra-migrate-meta-layouts":"set","ast-page-background-enabled":"default","ast-page-background-meta":{"desktop":{"background-color":"var(--ast-global-color-4)","background-image":"","background-repeat":"repeat","background-position":"center center","background-size":"auto","background-attachment":"scroll","background-type":"","background-media":"","overlay-type":"","overlay-color":"","overlay-opacity":"","overlay-gradient":""},"tablet":{"background-color":"","background-image":"","background-repeat":"repeat","background-position":"center center","background-size":"auto","background-attachment":"scroll","background-type":"","background-media":"","overlay-type":"","overlay-color":"","overlay-opacity":"","overlay-gradient":""},"mobile":{"background-color":"","background-image":"","background-repeat":"repeat","background-position":"center center","background-size":"auto","background-attachment":"scroll","background-type":"","background-media":"","overlay-type":"","overlay-color":"","overlay-opacity":"","overlay-gradient":""}},"ast-content-background-meta":{"desktop":{"background-color":"var(--ast-global-color-5)","background-image":"","background-repeat":"repeat","background-position":"center center","background-size":"auto","background-attachment":"scroll","background-type":"","background-media":"","overlay-type":"","overlay-color":"","overlay-opacity":"","overlay-gradient":""},"tablet":{"background-color":"var(--ast-global-color-5)","background-image":"","background-repeat":"repeat","background-position":"center center","background-size":"auto","background-attachment":"scroll","background-type":"","background-media":"","overlay-type":"","overlay-color":"","overlay-opacity":"","overlay-gradient":""},"mobile":{"background-color":"var(--ast-global-color-5)","background-image":"","background-repeat":"repeat","background-position":"center center","background-size":"auto","background-attachment":"scroll","background-type":"","background-media":"","overlay-type":"","overlay-color":"","overlay-opacity":"","overlay-gradient":""}}},"product_brand":[],"product_cat":[260,262,263],"product_tag":[],"class_list":{"0":"post-10060","1":"product","2":"type-product","3":"status-publish","4":"has-post-thumbnail","6":"product_cat-dildos-y-vibradores","7":"product_cat-vibradores","8":"product_cat-vibradores-lay-on-clitoris","9":"desktop-align-left","10":"tablet-align-left","11":"mobile-align-left","13":"first","14":"instock","15":"sale","16":"shipping-taxable","17":"purchasable","18":"product-type-simple"},"_links":{"self":[{"href":"https:\/\/chibolita.es\/index.php\/wp-json\/wp\/v2\/product\/10060","targetHints":{"allow":["GET"]}}],"collection":[{"href":"https:\/\/chibolita.es\/index.php\/wp-json\/wp\/v2\/product"}],"about":[{"href":"https:\/\/chibolita.es\/index.php\/wp-json\/wp\/v2\/types\/product"}],"replies":[{"embeddable":true,"href":"https:\/\/chibolita.es\/index.php\/wp-json\/wp\/v2\/comments?post=10060"}],"wp:featuredmedia":[{"embeddable":true,"href":"https:\/\/chibolita.es\/index.php\/wp-json\/wp\/v2\/media\/10066"}],"wp:attachment":[{"href":"https:\/\/chibolita.es\/index.php\/wp-json\/wp\/v2\/media?parent=10060"}],"wp:term":[{"taxonomy":"product_brand","embeddable":true,"href":"https:\/\/chibolita.es\/index.php\/wp-json\/wp\/v2\/product_brand?post=10060"},{"taxonomy":"product_cat","embeddable":true,"href":"https:\/\/chibolita.es\/index.php\/wp-json\/wp\/v2\/product_cat?post=10060"},{"taxonomy":"product_tag","embeddable":true,"href":"https:\/\/chibolita.es\/index.php\/wp-json\/wp\/v2\/product_tag?post=10060"}],"curies":[{"name":"wp","href":"https:\/\/api.w.org\/{rel}","templated":true}]}}